e factors of 849783262?
2, 424891631
What are the prime factors of 117764330?
2, 5, 73, 353, 457
List the prime factors of 180121116.
2, 3, 7, 233, 9203
List the prime factors of 649632204.
2, 3, 13, 337, 1373
List the prime factors of 2645116603.
2645116603
What are the prime factors of 3685007534?
2, 13, 197, 719447
What are the prime factors of 159190750?
2, 5, 636763
What are the prime factors of 139782735?
3, 5, 41, 239, 317
List the prime factors of 161027846.
2, 7, 2543, 4523
What are the prime factors of 27385115?
5, 1093, 5011
What are the prime factors of 1887168454?
2, 59, 271067
List the prime factors of 935491386.
2, 3, 67, 941, 2473
List the prime factors of 1667954625.
3, 5, 4447879
What are the prime factors of 3448383923?
233, 643, 23017
What are the prime factors of 1262149942?
2, 359, 1757869
What are the prime factors of 1875937791?
3, 7, 13, 6871567
What are the prime factors of 2029962286?
2, 11, 92271013
What are the prime factors of 574500357?
3, 2364199
List the prime factors of 226034451.
3, 197, 127487
What are the prime factors of 80647072?
2, 11, 197, 1163
What are the prime factors of 287317820?
2, 5, 857, 16763
What are the prime factors of 179695080?
2, 3, 5, 617, 809
What are the prime factors of 73263631?
7, 211, 49603
List the prime factors of 791523810.
2, 3, 5, 7, 11, 114217
What are the prime factors of 6003961263?
3, 29, 23003683
What are the prime factors of 43161142?
2, 1637, 13183
What are the prime factors of 1026050517?
3, 38001871
List the prime factors of 1861234989.
3, 61, 233, 43651
List the prime factors of 1054495393.
7, 3907, 38557
List the prime factors of 732685659.
3, 59, 103, 40189
List the prime factors of 123277814.
2, 11, 19, 294923
List the prime factors of 3462410566.
2, 71, 24383173
What are the prime factors of 2257975916?
2, 7, 419, 192463
What are the prime factors of 3331287855?
3, 5, 7, 29, 47, 7759
What are the prime factors of 10588515?
3, 5, 7, 31, 3253
What are the prime factors of 98065263?
3, 877, 37273
What are the prime factors of 2303796605?
5, 11, 41887211
What are the prime factors of 2556829363?
11, 2207, 105319
List the prime factors of 48218102.
2, 24109051
List the prime factors of 14773460.
2, 5, 13, 56821
What are the prime factors of 656240551?
149, 4404299
List the prime factors of 6814860.
2, 3, 5, 13, 8737
What are the prime factors of 73799405?
5, 14759881
What are the prime factors of 5562669918?
2, 3, 13, 71316281
What are the prime factors of 1534697407?
1534697407
What are the prime factors of 914404172?
2, 11, 71, 292703
What are the prime factors of 277760964?
2, 3, 13, 136963
List the prime factors of 98668523.
98668523
What are the prime factors of 26002797?
3, 47, 184417
List the prime factors of 30392422.
2, 229, 66359
What are the prime factors of 6546946?
2, 7, 193, 2423
List the prime factors of 36878373.
3, 7, 19, 30809
List the prime factors of 2556721550.
2, 5, 51134431
What are the prime factors of 383312987?
383312987
List the prime factors of 231054776.
2, 79, 97, 3769
List the prime factors of 550637755.
5, 2957, 37243
List the prime factors of 23633517.
3, 7877839
What are the prime factors of 1099871425?
5, 43994857
What are the prime factors of 19214182?
2, 13, 17, 29, 1499
List the prime factors of 139079977.
1217, 114281
What are the prime factors of 80056209?
3, 1559, 17117
What are the prime factors of 123313640?
2, 5, 3082841
List the prime factors of 209540611.
7, 4276339
List the prime factors of 135585974.
2, 193, 351259
What are the prime factors of 133001705?
5, 1093, 24337
List the prime factors of 216468211.
216468211
What are the prime factors of 113087854?
2, 11, 5140357
What are the prime factors of 240180853?
11, 21834623
What are the prime factors of 252696924?
2, 3, 971, 7229
List the prime factors of 753327961.
753327961
List the prime factors of 296222386.
2, 541, 273773
What are the prime factors of 5113178?
2, 7, 37, 9871
List the prime factors of 36338124.
2, 3, 3028177
What are the prime factors of 86804421?
3, 11, 41, 64157
What are the prime factors of 291457424?
2, 29, 139, 4519
List the prime factors of 25172320.
2, 5, 157327
List the prime factors of 58712061.
3, 4391, 4457
List the prime factors of 306432250.
2, 5, 1225729
What are the prime factors of 74607242?
2, 2687, 13883
What are the prime factors of 27412506?
2, 3, 11, 15383
What are the prime factors of 5535725763?
3, 1845241921
What are the prime factors of 82502498?
2, 13, 83, 38231
What are the prime factors of 1913779498?
2, 956889749
What are the prime factors of 579484697?
11, 151, 409, 853
List the prime factors of 21623780.
2, 5, 683, 1583
List the prime factors of 6447567465.
3, 5, 631, 75689
What are the prime factors of 412130487?
3, 137376829
What are the prime factors of 271206150?
2, 3, 5, 1808041
What are the prime factors of 3866552312?
2, 7, 67, 89, 11579
List the prime factors of 235933755.
3, 5, 15728917
List the prime factors of 939500642.
2, 23, 20423927
What are the prime factors of 40425549?
3, 41, 137, 2399
What are the prime factors of 4055744244?
2, 3, 1229, 275003
What are the prime factors of 1544494392?
2, 3, 7, 12611
List the prime factors of 298823299.
271, 1102669
List the prime factors of 16245254.
2, 787, 10321
List the prime factors of 516616124.
2, 129154031
What are the prime factors of 148484097?
3, 1833137
List the prime factors of 136237480.
2, 5, 3405937
List the prime factors of 3889001931.
3, 23789, 54493
List the prime factors of 320032671.
3, 7, 2177093
List the prime factors of 50261850.
2, 3, 5, 31, 1201
List the prime factors of 95041757.
587, 161911
List the prime factors of 1240086295.
5, 7, 113, 313549
List the prime factors of 1624979121.
3, 59, 457, 20089
What are the prime factors of 240948193?
659, 365627
What are the prime factors of 42751855?
5, 17, 113, 4451
List the prime factors of 140811289.
17, 691, 11987
What are the prime factors of 693821772?
2, 3, 7, 23, 349
List the prime factors of 30304787.
709, 42743
What are the prime factors of 295129715?
5, 59025943
What are the prime factors of 352662217?
569, 619793
List the prime factors of 22898049.
3, 41, 186163
What are the prime factors of 6131067970?
2, 5, 71, 109, 227, 349
What are the prime factors of 359806725?
3, 5, 643, 829
What are the prime factors of 23410396?
2, 1543, 3793
List the prime factors of 108935418.
2, 3, 73, 3407
What are the prime factors of 64484738?
2, 32242369
What are the prime factors of 508356516?
2, 3, 42363043
List the prime factors of 1203514905.
3, 5, 23, 3488449
What are the prime factors of 19715872?
2, 11, 79, 709
List the prime factors of 82911482.
2, 17, 43, 56711
List the prime factors of 3317942.
2, 1658971
What are the prime factors of 222501896?
2, 229, 121453
What are the prime factors of 44304527?
107, 414061
What are the prime factors of 391605735?
3, 5, 26107049
What are the prime factors of 107436376?
2, 67, 227, 883
What are the prime factors of 20187129?
3, 41, 4003
List the prime factors of 63092676.
2, 3, 5257723
What are the prime factors of 1846174657?
101, 1409, 12973
What are the prime factors of 132974948?
2, 33243737
List the prime factors of 1429113547.
31, 46100437
List the prime factors of 3040275771.
3, 13, 25985263
What are the prime factors of 510446713?
7, 31, 2352289
List the prime factors of 265405073.
23, 43, 101, 2657
List the prime factors of 124097400.
2, 3, 5, 7, 67
What are the prime factors of 305683321?
281, 1087841
List the prime factors of 2477760527.
11, 225250957
List the prime factors of 72112453.
7, 17, 605987
What are the prime factors of 122995059?
3, 11, 3727123
What are the prime factors of 87530517?
3, 433, 7487
List the prime factors of 943203343.
23, 2393, 17137
List the prime factors of 2582221475.
5, 227, 353, 1289
List the prime factors of 37543076.
2, 173, 227, 239
List the prime factors of 51884428.
2, 47, 275981
What are the prime factors of 465754573?
3307, 140839
List the prime factors of 14481888.
2, 3, 61, 2473
What are the prime factors of 2229847719?
3, 11, 67571143
List the prime factors of 4113774849.
3, 1371258283
List the prime factors of 18450018.
2, 3, 37963
What are the prime factors of 2907970481?
13, 1301, 171937
What are the